{"id":224,"date":"2017-07-24T23:07:55","date_gmt":"2017-07-24T21:07:55","guid":{"rendered":"http:\/\/172.16.0.6\/?page_id=224"},"modified":"2023-03-05T17:57:44","modified_gmt":"2023-03-05T16:57:44","slug":"versand-lieferung","status":"publish","type":"page","link":"https:\/\/chalkboards.de\/index.php\/versand-lieferung\/","title":{"rendered":"Versand &#038; Lieferung"},"content":{"rendered":"<div  style='padding-bottom:10px; ' class='av-special-heading av-special-heading-h4  blockquote modern-quote  avia-builder-el-0  el_before_av_textblock  avia-builder-el-first  '><h4 class='av-special-heading-tag '  itemprop=\"headline\"  >VERSANDKOSTEN UND LIEFERUNG<\/h4><div class='special-heading-border'><div class='special-heading-inner-border' ><\/div><\/div><\/div>\n<section class=\"av_textblock_section \"  itemscope=\"itemscope\" itemtype=\"https:\/\/schema.org\/CreativeWork\" ><div class='avia_textblock  av_inherit_color '  style='color:#000000; '  itemprop=\"text\" ><p><div  style='height:25px' class='hr hr-invisible   avia-builder-el-2  el_after_av_textblock  el_before_av_textblock '><span class='hr-inner ' ><span class='hr-inner-style'><\/span><\/span><\/div><section class=\"av_textblock_section \"  itemscope=\"itemscope\" itemtype=\"https:\/\/schema.org\/CreativeWork\" ><div class='avia_textblock  '   itemprop=\"text\" ><\/div><\/section><div  style='padding-bottom:5px; ' class='av-special-heading av-special-heading-h5  blockquote modern-quote  avia-builder-el-4  avia-builder-el-no-sibling  '><h5 class='av-special-heading-tag '  itemprop=\"headline\"  >VERSANDKOSTEN<\/h5><div class='special-heading-border'><div class='special-heading-inner-border' ><\/div><\/div><\/div>Zus\u00e4tzlich zu den angegebenen Preisen berechnen wir f\u00fcr die Lieferung innerhalb Deutschlands eine <strong>Versandkostenpauschale in H\u00f6he von 3,50 Euro<\/strong> pro Bestellung. Die Versandkosten werden im Warenkorbsystem nochmals deutlich mitgeteilt.<\/p>\n<p>Aufgrund ge\u00e4nderter gesetzlicher Bestimmungen ist eine Lieferung nach \u00d6sterreich ab 01.01.2023 leider nicht l\u00e4nger m\u00f6glich.<\/p>\n<p>Aktuell sind nur Lieferungen nach Deutschland m\u00f6glich. Solltest Du in einem anderen Land wohnen, kontaktiere uns bitte im Vorfeld.<\/p>\n<p>Ab einem Bestellwert von 40 \u20ac entfallen die Versandkosten innerhalb Deutschlands.<\/p>\n<p>F\u00fcr digitale Formate fallen keine Versandkosten an.<\/p>\n<p>Die auf den Produktseiten genannten Preise enthalten bereits die gesetzliche Mehrwertsteuer.<\/p>\n<\/div><\/section>\n<div  style='height:25px' class='hr hr-invisible   avia-builder-el-5  el_after_av_textblock  el_before_av_textblock '><span class='hr-inner ' ><span class='hr-inner-style'><\/span><\/span><\/div>\n<section class=\"av_textblock_section \"  itemscope=\"itemscope\" itemtype=\"https:\/\/schema.org\/CreativeWork\" ><div class='avia_textblock  '   itemprop=\"text\" ><p><div  style='padding-bottom:5px; ' class='av-special-heading av-special-heading-h5  blockquote modern-quote  avia-builder-el-7  avia-builder-el-no-sibling  '><h5 class='av-special-heading-tag '  itemprop=\"headline\"  >LIEFERZEIT<\/h5><div class='special-heading-border'><div class='special-heading-inner-border' ><\/div><\/div><\/div>F\u00fcr unsere Produkte gelten unterschiedliche Lieferzeiten. Diese findest Du nochmals explizit auf den jeweiligen Produktseiten und\/oder im Warenkorb.<\/p>\n<p><strong>F\u00dcR GANZ EILIGE:<\/strong> Wenn es schnell gehen muss, besteht die M\u00f6glichkeit, bei einigen Artikeln gegen Aufpreis die Express-Lieferung auf der Produktseite zu w\u00e4hlen.<\/p>\n<\/div><\/section>\n<div  style='height:25px' class='hr hr-invisible   avia-builder-el-8  el_after_av_textblock  el_before_av_textblock '><span class='hr-inner ' ><span class='hr-inner-style'><\/span><\/span><\/div>\n<section class=\"av_textblock_section \"  itemscope=\"itemscope\" itemtype=\"https:\/\/schema.org\/CreativeWork\" ><div class='avia_textblock  '   itemprop=\"text\" ><p><div  style='padding-bottom:5px; ' class='av-special-heading av-special-heading-h5  blockquote modern-quote  avia-builder-el-10  avia-builder-el-no-sibling  '><h5 class='av-special-heading-tag '  itemprop=\"headline\"  >R\u00dcCKGABEN<\/h5><div class='special-heading-border'><div class='special-heading-inner-border' ><\/div><\/div><\/div>Alle personalisierten Artikel sind vom R\u00fcckgaberecht ausgeschlossen. Deshalb bitten wir Dich,\u00a0 die gemachten Angaben zur Personalisierung <strong><em>vor Deiner Bestellung<\/em><\/strong> nochmals genau zu \u00fcberpr\u00fcfen. Sollte mal etwas nicht einwandfrei bei Dir ankommen (z.B. falls sich ein Fehler im Chalkboard eingeschlichen hat oder ein Produkt durch den Transport besch\u00e4digt wurde), schreibe uns eine\u00a0<a href=\"mailto:mail@chalkboards.de\">eMail<\/a>\u00a0mit klar erkennbaren Bildern des Schadens. Wir werden so bald wie m\u00f6glich Kontakt zu Dir aufnehmen um alles Weitere zu kl\u00e4ren.<\/p>\n<\/div><\/section>","protected":false},"excerpt":{"rendered":"","protected":false},"author":1,"featured_media":0,"parent":0,"menu_order":0,"comment_status":"closed","ping_status":"closed","template":"","meta":{"_monsterinsights_skip_tracking":false,"_monsterinsights_sitenote_active":false,"_monsterinsights_sitenote_note":"","_monsterinsights_sitenote_category":0,"footnotes":""},"class_list":["post-224","page","type-page","status-publish","hentry"],"_links":{"self":[{"href":"https:\/\/chalkboards.de\/index.php\/wp-json\/wp\/v2\/pages\/224"}],"collection":[{"href":"https:\/\/chalkboards.de\/index.php\/wp-json\/wp\/v2\/pages"}],"about":[{"href":"https:\/\/chalkboards.de\/index.php\/wp-json\/wp\/v2\/types\/page"}],"author":[{"embeddable":true,"href":"https:\/\/chalkboards.de\/index.php\/wp-json\/wp\/v2\/users\/1"}],"replies":[{"embeddable":true,"href":"https:\/\/chalkboards.de\/index.php\/wp-json\/wp\/v2\/comments?post=224"}],"version-history":[{"count":32,"href":"https:\/\/chalkboards.de\/index.php\/wp-json\/wp\/v2\/pages\/224\/revisions"}],"predecessor-version":[{"id":8056,"href":"https:\/\/chalkboards.de\/index.php\/wp-json\/wp\/v2\/pages\/224\/revisions\/8056"}],"wp:attachment":[{"href":"https:\/\/chalkboards.de\/index.php\/wp-json\/wp\/v2\/media?parent=224"}],"curies":[{"name":"wp","href":"https:\/\/api.w.org\/{rel}","templated":true}]}}