{"id":10326,"date":"2024-07-04T22:32:28","date_gmt":"2024-07-04T20:32:28","guid":{"rendered":"https:\/\/chalkboards.de\/?post_type=product&#038;p=10326"},"modified":"2024-10-22T03:10:22","modified_gmt":"2024-10-22T01:10:22","slug":"einladung-zum-kindergeburtstag-meerjungfrau","status":"publish","type":"product","link":"https:\/\/chalkboards.de\/index.php\/produkt\/einladung-zum-kindergeburtstag-meerjungfrau\/","title":{"rendered":"Einladung zum Kindergeburtstag &#8220;Meerjungfrau&#8221; | Einladungskarte A6"},"content":{"rendered":"<p><span style=\"color: #9c8f6d; text-transform: uppercase; font-weight: bold;\">Einladungskarte zum Kindergeburtstag | Motiv: Meerjungfrau<\/span><\/p>\n<p>Du hast ein kleine Meerjungfrau zuhause, die bald ihren Geburtstag feiert? Wenn Du gerade eine Geburtstagsfeier planst, d\u00fcrfen die passenden Einladungen nat\u00fcrlich nicht fehlen. Diese zauberhaften Einladungskarten werden mit Deinen Angaben personalisiert und gemeinsam mit Dir bis zur finalen Druckfreigabe abgestimmt. Wichtig ist, dass Du am Ende komplett zufrieden mit dem Ergebnis bist.<\/p>\n<p>Die Textfarben lassen sich anpassen, teile mir einfach mit, falls du bestimmte Farbw\u00fcnsche hast.<\/p>\n<p><span style=\"color: #9c8f6d; text-transform: uppercase; font-weight: bold;\">Auf Wunsch kannst Du hochwertige Graspapier-Umschl\u00e4ge mit Haftklebestreifen dazu bestellen.<\/span><\/p>\n<div  style=' margin-top:30px; margin-bottom:30px;'  class='hr hr-custom hr-center hr-icon-yes   avia-builder-el-0  el_before_av_hr  avia-builder-el-first '><span class='hr-inner  inner-border-av-border-thin' style=' width:50px; max-width:45%;' ><span class='hr-inner-style'><\/span><\/span><span class='av-seperator-icon'  aria-hidden='true' data-av_icon='\ue808' data-av_iconfont='entypo-fontello'><\/span><span class='hr-inner  inner-border-av-border-thin' style=' width:50px; max-width:45%;' ><span class='hr-inner-style'><\/span><\/span><\/div>\n<p><span style=\"color: #9c8f6d; text-transform: uppercase; font-weight: bold;\">Wie l\u00e4uft die Bestellung ab?<\/span><\/p>\n<p>W\u00e4hle die gew\u00fcnschte Kartenmenge aus und optional die Kartenr\u00fcckseite sowie die Anzahl der Graspapierumschl\u00e4ge. Nachdem Du die Karten in der gew\u00fcnschten Ausf\u00fchrung in den Warenkorb gelegt hast, gehe bitte zur Kasse und trage nachfolgende Personalisierungsinformationen in das Feld &#8220;Bestellnotiz&#8221; ein:<\/p>\n<p>&#8211; Vorname und Alter<br \/>\n&#8211; Datum der Geburtstagsfeier<br \/>\n&#8211; Uhrzeit der Feier<br \/>\n&#8211; Ort der Feier<br \/>\n&#8211; optional: Zusatztext unten (ggf. R\u00fcckantwort bis&#8230; &amp; Kontaktdaten)<br \/>\n&#8211; optional: Eventuelle Sonderw\u00fcnsche oder Text f\u00fcr die R\u00fcckseite<\/p>\n<p><em>ALTERNATIV KANNST DU MIR NACH ABSENDEN DER BESTELLUNG AUCH EINE EMAIL MIT DEN PERSONALISIERUNGSDATEN SENDEN. BITTE VERMERKE UNBEDINGT DEINE BESTELLNUMMER.<\/em><\/p>\n<div  style=' margin-top:30px; margin-bottom:30px;'  class='hr hr-custom hr-center hr-icon-yes   avia-builder-el-1  el_after_av_hr  el_before_av_hr '><span class='hr-inner  inner-border-av-border-thin' style=' width:50px; max-width:45%;' ><span class='hr-inner-style'><\/span><\/span><span class='av-seperator-icon'  aria-hidden='true' data-av_icon='\ue808' data-av_iconfont='entypo-fontello'><\/span><span class='hr-inner  inner-border-av-border-thin' style=' width:50px; max-width:45%;' ><span class='hr-inner-style'><\/span><\/span><\/div>\n<p>Nach Zahlungseingang mache ich mich an die Arbeit und schicke Dir vorab einen Entwurf zur Freigabe. Nach Freigabe Deinerseits geht der Auftrag an die Druckerei. Ab hier dauert es ca. 5 Werktage, bis die fertigen Karten bei Dir sind.<\/p>\n<p><strong>Die Lieferzeit f\u00fcr die gedruckten Einladungskarten betr\u00e4gt inkl. Anfertigung und Druck etwa 7-10 Werktage ab Zahlungseingang.<\/strong><strong><br \/>\n<\/strong><\/p>\n<div  style=' margin-top:30px; margin-bottom:30px;'  class='hr hr-custom hr-center hr-icon-yes   avia-builder-el-2  el_after_av_hr  el_before_av_hr '><span class='hr-inner  inner-border-av-border-thin' style=' width:50px; max-width:45%;' ><span class='hr-inner-style'><\/span><\/span><span class='av-seperator-icon'  aria-hidden='true' data-av_icon='\ue808' data-av_iconfont='entypo-fontello'><\/span><span class='hr-inner  inner-border-av-border-thin' style=' width:50px; max-width:45%;' ><span class='hr-inner-style'><\/span><\/span><\/div>\n<p><strong>Lieferumfang:<\/strong><\/p>\n<ul>\n<li>Im Lieferumfang enthalten sind die gedruckten Karten sowie (sofern mitbestellt) hochwertige Graspapier-Umschl\u00e4ge mit Haftklebestreifen in der gew\u00fcnschten Menge.<\/li>\n<li>Die Einladungskarten werden standardm\u00e4\u00dfig im A6 Format (10,5 x 14,8 cm) auf 350g Papier gedruckt. Andere Formate und Papiervarianten sind auf Anfrage ebenfalls m\u00f6glich.<\/li>\n<\/ul>\n<div  style=' margin-top:30px; margin-bottom:30px;'  class='hr hr-custom hr-center hr-icon-yes   avia-builder-el-3  el_after_av_hr  avia-builder-el-last '><span class='hr-inner  inner-border-av-border-thin' style=' width:50px; max-width:45%;' ><span class='hr-inner-style'><\/span><\/span><span class='av-seperator-icon'  aria-hidden='true' data-av_icon='\ue808' data-av_iconfont='entypo-fontello'><\/span><span class='hr-inner  inner-border-av-border-thin' style=' width:50px; max-width:45%;' ><span class='hr-inner-style'><\/span><\/span><\/div>\n<p>Wenn es schneller gehen soll, teile mir dies bitte vorab mit. In K\u00fcrze findest Du hier auch eine digitale Variante zum Selberausdrucken oder f\u00fcr den digitalen Versand.<\/p>\n","protected":false},"excerpt":{"rendered":"<p><span style=\"font-size: 0.9em;\">Druck auf 350g Papier | optional mit Graspapier-Umschl\u00e4gen<\/span><\/p>\n[av_font_icon icon='ue808' font='entypo-fontello' style='' caption='' link='' linktarget='' size='20px' position='left' color='' admin_preview_bg=''][\/av_font_icon]\n<p>Einladung zum Kindergeburtstag | Motiv: Meerjungfrau | personalisiert<\/p>\n","protected":false},"featured_media":10340,"comment_status":"open","ping_status":"closed","template":"","meta":{"_monsterinsights_skip_tracking":false,"_monsterinsights_sitenote_active":false,"_monsterinsights_sitenote_note":"","_monsterinsights_sitenote_category":0},"product_cat":[270,144,252],"product_tag":[78,79,22],"class_list":{"0":"post-10326","1":"product","2":"type-product","3":"status-publish","4":"has-post-thumbnail","6":"product_cat-fuer-kinder","7":"product_cat-karten-fuer-kinder","8":"product_cat-sale","9":"product_tag-einladung","10":"product_tag-geburtstagseinladung","11":"product_tag-kindergeburtstag","12":"product_shipping_class-paket-bis-5kg","13":"tm-has-options","15":"first","16":"instock","17":"sale","18":"taxable","19":"shipping-taxable","20":"purchasable","21":"product-type-variable"},"_links":{"self":[{"href":"https:\/\/chalkboards.de\/index.php\/wp-json\/wp\/v2\/product\/10326"}],"collection":[{"href":"https:\/\/chalkboards.de\/index.php\/wp-json\/wp\/v2\/product"}],"about":[{"href":"https:\/\/chalkboards.de\/index.php\/wp-json\/wp\/v2\/types\/product"}],"replies":[{"embeddable":true,"href":"https:\/\/chalkboards.de\/index.php\/wp-json\/wp\/v2\/comments?post=10326"}],"wp:featuredmedia":[{"embeddable":true,"href":"https:\/\/chalkboards.de\/index.php\/wp-json\/wp\/v2\/media\/10340"}],"wp:attachment":[{"href":"https:\/\/chalkboards.de\/index.php\/wp-json\/wp\/v2\/media?parent=10326"}],"wp:term":[{"taxonomy":"product_cat","embeddable":true,"href":"https:\/\/chalkboards.de\/index.php\/wp-json\/wp\/v2\/product_cat?post=10326"},{"taxonomy":"product_tag","embeddable":true,"href":"https:\/\/chalkboards.de\/index.php\/wp-json\/wp\/v2\/product_tag?post=10326"}],"curies":[{"name":"wp","href":"https:\/\/api.w.org\/{rel}","templated":true}]}}