{"id":1821,"date":"2018-01-27T14:25:47","date_gmt":"2018-01-27T13:25:47","guid":{"rendered":"https:\/\/chalkboards.de\/?post_type=product&#038;p=1821"},"modified":"2022-09-08T22:59:16","modified_gmt":"2022-09-08T20:59:16","slug":"geschenk-gutschein","status":"publish","type":"product","link":"https:\/\/chalkboards.de\/index.php\/produkt\/geschenk-gutschein\/","title":{"rendered":"Geschenk-Gutschein"},"content":{"rendered":"<p>Mit dem Geschenk-Gutschein von Chalkboards.de kannst Du jemandem eine Freude machen, der sich sein Wunschprodukt gerne selber aussuchen m\u00f6chte.<\/p>\n<p>Einfach den gew\u00fcnschten Gutscheinwert ausw\u00e4hlen und in den Warenkorb legen. Nach erfolgter Bezahlung erh\u00e4ltst Du den Gutschein als PDF Datei per E-Mail zugeschickt.<\/p>\n<p>&nbsp;<\/p>\n","protected":false},"excerpt":{"rendered":"<p>Der Geschenk-Gutschein wird Dir nach Zahlungseingang als PDF per E-Mail zugeschickt.<\/p>\n","protected":false},"featured_media":1822,"comment_status":"open","ping_status":"closed","template":"","meta":{"_monsterinsights_skip_tracking":false,"_monsterinsights_sitenote_active":false,"_monsterinsights_sitenote_note":"","_monsterinsights_sitenote_category":0},"product_cat":[93],"product_tag":[95,94],"class_list":{"0":"post-1821","1":"product","2":"type-product","3":"status-publish","4":"has-post-thumbnail","6":"product_cat-geschenk-gutscheine","7":"product_tag-geschenkgutschein","8":"product_tag-gutschein","9":"tm-has-options","11":"first","12":"instock","13":"taxable","14":"shipping-taxable","15":"purchasable","16":"product-type-variable"},"_links":{"self":[{"href":"https:\/\/chalkboards.de\/index.php\/wp-json\/wp\/v2\/product\/1821"}],"collection":[{"href":"https:\/\/chalkboards.de\/index.php\/wp-json\/wp\/v2\/product"}],"about":[{"href":"https:\/\/chalkboards.de\/index.php\/wp-json\/wp\/v2\/types\/product"}],"replies":[{"embeddable":true,"href":"https:\/\/chalkboards.de\/index.php\/wp-json\/wp\/v2\/comments?post=1821"}],"wp:featuredmedia":[{"embeddable":true,"href":"https:\/\/chalkboards.de\/index.php\/wp-json\/wp\/v2\/media\/1822"}],"wp:attachment":[{"href":"https:\/\/chalkboards.de\/index.php\/wp-json\/wp\/v2\/media?parent=1821"}],"wp:term":[{"taxonomy":"product_cat","embeddable":true,"href":"https:\/\/chalkboards.de\/index.php\/wp-json\/wp\/v2\/product_cat?post=1821"},{"taxonomy":"product_tag","embeddable":true,"href":"https:\/\/chalkboards.de\/index.php\/wp-json\/wp\/v2\/product_tag?post=1821"}],"curies":[{"name":"wp","href":"https:\/\/api.w.org\/{rel}","templated":true}]}}