{"id":5920,"date":"2020-11-25T14:23:06","date_gmt":"2020-11-25T13:23:06","guid":{"rendered":"https:\/\/chalkboards.de\/?post_type=product&#038;p=5920"},"modified":"2024-11-06T21:19:24","modified_gmt":"2024-11-06T20:19:24","slug":"ammersee-plakat-im-retro-chalkboard-design","status":"publish","type":"product","link":"https:\/\/chalkboards.de\/index.php\/produkt\/ammersee-plakat-im-retro-chalkboard-design\/","title":{"rendered":"AMMERSEE Plakat im Retro Chalkboard Design, PERSONALISIERT &#038; IN WUNSCHFARBE"},"content":{"rendered":"<div  style='padding-bottom:10px; ' class='av-special-heading av-special-heading-h3    avia-builder-el-0  el_before_av_heading  avia-builder-el-first  '><h3 class='av-special-heading-tag '  itemprop=\"headline\"  >DAS AMMERSEE PLAKAT IM RETRO CHALKBOARD DESIGN<\/h3><div class='special-heading-border'><div class='special-heading-inner-border' ><\/div><\/div><\/div>\n<blockquote><p>Individuell und abwechslungsreich wie der Ammersee selbst. Personalisierbar, bunt, mit oder ohne Namen. F\u00fcr alle die den Ammersee genau so sehr lieben wie wir!<\/p><\/blockquote>\n<h3><img loading=\"lazy\" decoding=\"async\" class=\"aligncenter wp-image-5927 size-full\" src=\"https:\/\/chalkboards.de\/wp-content\/uploads\/2020\/11\/CHALKBOARDS-KAVE-Ammerplakat-Farbwahl.jpg\" alt=\"Ammersee Farben CHALKBOARDS-KAVE \" width=\"707\" height=\"1000\" srcset=\"https:\/\/chalkboards.de\/wp-content\/uploads\/2020\/11\/CHALKBOARDS-KAVE-Ammerplakat-Farbwahl.jpg 707w, https:\/\/chalkboards.de\/wp-content\/uploads\/2020\/11\/CHALKBOARDS-KAVE-Ammerplakat-Farbwahl-450x636.jpg 450w, https:\/\/chalkboards.de\/wp-content\/uploads\/2020\/11\/CHALKBOARDS-KAVE-Ammerplakat-Farbwahl-212x300.jpg 212w, https:\/\/chalkboards.de\/wp-content\/uploads\/2020\/11\/CHALKBOARDS-KAVE-Ammerplakat-Farbwahl-498x705.jpg 498w\" sizes=\"(max-width: 707px) 100vw, 707px\" \/><\/h3>\n<p>&nbsp;<\/p>\n<h3><\/h3>\n<blockquote><div  style='padding-bottom:10px; ' class='av-special-heading av-special-heading-h3    avia-builder-el-1  el_after_av_heading  el_before_av_heading  '><h3 class='av-special-heading-tag '  itemprop=\"headline\"  >DEIN pers\u00f6nliches AMMERSEE PLAKAT gibt es in folgenden Variationen:<\/h3><div class='special-heading-border'><div class='special-heading-inner-border' ><\/div><\/div><\/div>\n<p>(Klicke auf die Farbe, um die Farbvariante als PDF\u00a0 herunterzuladen)<\/p>\n<ul>\n<li><a href=\"https:\/\/chalkboards.de\/wp-content\/uploads\/2020\/11\/CHALKBOARDS-KAVE-Ammerseeplakat-Farbwahl-Ammerseeblue.pdf\">Ammersee Blue<\/a> &#8211; ohne Aufpreis<\/li>\n<li><a href=\"https:\/\/chalkboards.de\/wp-content\/uploads\/2020\/11\/CHALKBOARDS-KAVE-Ammerseeplakat-Farbwahl-Pink.pdf\">Pretty in Pink<\/a> (Aufpreis 5 Euro)<\/li>\n<li><a href=\"https:\/\/chalkboards.de\/wp-content\/uploads\/2020\/11\/CHALKBOARDS-KAVE-Ammerseeplakat-Farbwahl-Silverstar.pdf\">Silverstar<\/a> (Aufpreis 5 Euro)<\/li>\n<li><a href=\"https:\/\/chalkboards.de\/wp-content\/uploads\/2020\/11\/CHALKBOARDS-KAVE-Ammerseeplakat-Farbwahl-FreshApple.pdf\">Fresh Apple<\/a> (Aufpreis 5 Euro)<\/li>\n<li><a href=\"https:\/\/chalkboards.de\/wp-content\/uploads\/2020\/11\/CHALKBOARDS-KAVE-Ammerseeplakat-Farbwahl-Apricot.pdf\">Apricot<\/a> (Aufpreis 5 Euro)<\/li>\n<li><a href=\"https:\/\/chalkboards.de\/wp-content\/uploads\/2020\/11\/CHALKBOARDS-KAVE-Ammerseeplakat-Farbwahl-OrangeBay.pdf\">Orange Bay<\/a> (Aufpreis 5 Euro)<\/li>\n<li><a href=\"https:\/\/chalkboards.de\/wp-content\/uploads\/2020\/11\/CHALKBOARDS-KAVE-Ammerseeplakat-Farbwahl-DeepWater.pdf\">Deep Water<\/a> (Aufpreis 5 Euro)<\/li>\n<li><a href=\"https:\/\/chalkboards.de\/wp-content\/uploads\/2020\/11\/CHALKBOARDS-KAVE-Ammerseeplakat-Farbwahl-SundownMood.pdf\">Sundown Mood<\/a> (Aufpreis 5 Euro)<\/li>\n<li>oder: <a href=\"https:\/\/chalkboards.de\/wp-content\/uploads\/2020\/11\/CHALKBOARDS-KAVE-Ammerseeplakat-Farbwahl-Weiss.pdf\">Deine Farbe nach Wahl<\/a> (Aufpreis 5 Euro)<\/li>\n<\/ul>\n<div  style='padding-bottom:10px; ' class='av-special-heading av-special-heading-h3    avia-builder-el-2  el_after_av_heading  el_before_av_heading  '><h3 class='av-special-heading-tag '  itemprop=\"headline\"  >INFOS ZU PAPIER <span class='special_amp'>&amp;<\/span> RAHMEN<\/h3><div class='special-heading-border'><div class='special-heading-inner-border' ><\/div><\/div><\/div>\n<p>A0 Formate werden auf 120g Affichenpapier gedruckt, alle anderen Formate als hochwertiger Qualit\u00e4tsdruck matt (250g).<\/p>\n<p>Der Bilderrahmen dient nur zu Pr\u00e4sentationszwecken und ist in der Lieferung nicht enthalten.<\/p>\n<div  style='padding-bottom:10px; ' class='av-special-heading av-special-heading-h3 #9c8f6d   avia-builder-el-3  el_after_av_heading  el_before_av_heading  '><h3 class='av-special-heading-tag '  itemprop=\"headline\"  >\u00dcBER DEN AMMERSEE<\/h3><div class='special-heading-border'><div class='special-heading-inner-border' ><\/div><\/div><\/div>\n<p>Der Ammersee \u2013 &#8220;Die Badewanne Gottes&#8221; wie der See von dem Luftfahrt-Unternehmer Ir\u00e9n Dornier genannt wurde \u2013 verspr\u00fcht einen ganz eigenen Zauber, dem man unwiederbringlich verf\u00e4llt, sobald man einmal hier war. Hier zeigt die Natur jeden Tag auf&#8217;s Neue was in ihr steckt \u2013 jeder Sonnenuntergang ist ein Naturschauspiel ohnegleichen. Wenn der morgendliche Nebel, der schwer \u00fcber dem See h\u00e4ngt, sich von Sonnenstrahlen durchdringt aufl\u00f6st, herrscht eine zauberhafte Stimmung wie kaum woanders.<\/p>\n<p>Wir haben Rad- und Motordampfer, Segelboote, Kite-Spots, die l\u00e4ngste Seeuferpromenade Deutschlands, K\u00fcnstler und Denker, tolle M\u00e4rkte und einen ber\u00fchmten T\u00f6pfermarkt, eine ausgezeichnete Gastronomie und so viele wundersch\u00f6ne Pl\u00e4tze die man entdecken kann, dass hier Langeweile ein absolutes Fremdwort ist.<\/p>\n<p>Das alles war der Grund daf\u00fcr, diesem wunderbaren See ein Plakat im einzigartigen Chalkboards-Design zu widmen!<\/p>\n<div  style='padding-bottom:10px; ' class='av-special-heading av-special-heading-h3    avia-builder-el-4  el_after_av_heading  el_before_av_hr  '><h3 class='av-special-heading-tag '  itemprop=\"headline\"  >\u00dcBER DIE MACHER<\/h3><div class='special-heading-border'><div class='special-heading-inner-border' ><\/div><\/div><\/div>\n<p>Das &#8220;Ammersee-Plakat&#8221; entstand 2017 erstmalig als Infografik. F\u00fcr die Recherche und das Design hat sich Art Director Karsten van Engen zahllose N\u00e4chte um die Ohren geschlagen bis er das fertige Plakat letztendlich einer begeisterten Ammersee-Fangemeinde pr\u00e4sentiert konnte.<\/p>\n<p>Die Neuauflage wurde auf Wunsch von Karsten durch Dagmar Reisenauer redesigned und hat damit einen Retro-Anstrich bekommen, der f\u00fcr Chalkboards.de so signifikant ist.<\/p>\n<div  style='height:40px' class='hr hr-invisible  av-mini-hide  avia-builder-el-5  el_after_av_heading  el_before_av_font_icon '><span class='hr-inner ' ><span class='hr-inner-style'><\/span><\/span><\/div>\n<p><span  class=\"av_font_icon avia_animate_when_visible avia-icon-animate  av-icon-style-  av-no-color avia-icon-pos-left \" style=\"\"><span class='av-icon-char' style='font-size:40px;line-height:40px;' aria-hidden='true' data-av_icon='\ue808' data-av_iconfont='entypo-fontello' ><\/span><\/span> Du warst noch nie am Ammersee? Dann schreibe ihn auf Deine Bucket List und komm uns besuchen!<\/p><\/blockquote>\n<p>&nbsp;<\/p>\n<div  class='av-social-sharing-box  avia-builder-el-7  el_after_av_font_icon  el_before_av_hr  '><div class='av-share-box'><h5 class='av-share-link-description av-no-toc '>Eintrag teilen <\/h5><ul class='av-share-box-list noLightbox'><li class='av-share-link av-social-link-facebook' ><a target=\"_blank\" aria-label=\"Teilen auf Facebook\" href='https:\/\/www.facebook.com\/sharer.php?u=https:\/\/chalkboards.de\/index.php\/produkt\/ammersee-plakat-im-retro-chalkboard-design\/&#038;t=AMMERSEE%20Plakat%20im%20Retro%20Chalkboard%20Design%2C%20PERSONALISIERT%20%26%20IN%20WUNSCHFARBE' aria-hidden='false' data-av_icon='\ue8f3' data-av_iconfont='entypo-fontello' title='' data-avia-related-tooltip='Teilen auf Facebook' rel=\"noopener\"><span class='avia_hidden_link_text'>Teilen auf Facebook<\/span><\/a><\/li><li class='av-share-link av-social-link-twitter' ><a target=\"_blank\" aria-label=\"Teilen auf Twitter\" href='https:\/\/twitter.com\/share?text=AMMERSEE%20Plakat%20im%20Retro%20Chalkboard%20Design%2C%20PERSONALISIERT%20%26%20IN%20WUNSCHFARBE&#038;url=https:\/\/chalkboards.de\/?p=5920' aria-hidden='false' data-av_icon='\ue8f1' data-av_iconfont='entypo-fontello' title='' data-avia-related-tooltip='Teilen auf Twitter' rel=\"noopener\"><span class='avia_hidden_link_text'>Teilen auf Twitter<\/span><\/a><\/li><li class='av-share-link av-social-link-whatsapp' ><a target=\"_blank\" aria-label=\"Teilen auf WhatsApp\" href='https:\/\/api.whatsapp.com\/send?text=https:\/\/chalkboards.de\/index.php\/produkt\/ammersee-plakat-im-retro-chalkboard-design\/' aria-hidden='false' data-av_icon='\uf232' data-av_iconfont='entypo-fontello' title='' data-avia-related-tooltip='Teilen auf WhatsApp' rel=\"noopener\"><span class='avia_hidden_link_text'>Teilen auf WhatsApp<\/span><\/a><\/li><li class='av-share-link av-social-link-pinterest' ><a target=\"_blank\" aria-label=\"Teilen auf Pinterest\" href='https:\/\/pinterest.com\/pin\/create\/button\/?url=https%3A%2F%2Fchalkboards.de%2Findex.php%2Fprodukt%2Fammersee-plakat-im-retro-chalkboard-design%2F&#038;description=AMMERSEE%20Plakat%20im%20Retro%20Chalkboard%20Design%2C%20PERSONALISIERT%20%26%20IN%20WUNSCHFARBE&#038;media=https%3A%2F%2Fchalkboards.de%2Fwp-content%2Fuploads%2F2020%2F11%2FCHALKBOARDS-KAVE-Ammerseeplakat-Produkt-1000x1000-MP-705x705.jpg' aria-hidden='false' data-av_icon='\ue8f8' data-av_iconfont='entypo-fontello' title='' data-avia-related-tooltip='Teilen auf Pinterest' rel=\"noopener\"><span class='avia_hidden_link_text'>Teilen auf Pinterest<\/span><\/a><\/li><li class='av-share-link av-social-link-mail' ><a  aria-label=\"Per E-Mail teilen\" href='mailto:?subject=AMMERSEE%20Plakat%20im%20Retro%20Chalkboard%20Design%2C%20PERSONALISIERT%20%26%20IN%20WUNSCHFARBE&#038;body=https:\/\/chalkboards.de\/index.php\/produkt\/ammersee-plakat-im-retro-chalkboard-design\/' aria-hidden='false' data-av_icon='\ue805' data-av_iconfont='entypo-fontello' title='' data-avia-related-tooltip='Per E-Mail teilen'><span class='avia_hidden_link_text'>Per E-Mail teilen<\/span><\/a><\/li><\/ul><\/div><\/div>\n<div  style=' margin-top:30px; margin-bottom:30px;'  class='hr hr-custom hr-center hr-icon-no   avia-builder-el-8  el_after_av_social_share  el_before_av_image '><span class='hr-inner  inner-border-av-border-thin' style=' width:50px; border-color:#6b6b6b;' ><span class='hr-inner-style'><\/span><\/span><\/div>\n<p><span style=\"color: #9c8f6d; text-transform: uppercase; font-weight: bold;\">Preis\u00fcbersicht AMMERSEE-PLAKAT:<\/span><\/p>\n<p><em>PERSONALISIERT:<\/em><br \/>\n&#8211; A2 personalisiert: 29,50 \u20ac &#8211; 250g hochwertiger Qualit\u00e4tsdruck matt<br \/>\n&#8211; A1 personalisiert: 35,00 \u20ac &#8211; 250g hochwertiger Qualit\u00e4tsdruck matt<br \/>\n&#8211; A0 personalisiert: 42,50 \u20ac &#8211; 120g Affichenpapier<\/p>\n<p>Preise inkl. ges. MwSt. \/ zzgl. Versandkosten<\/p>\n<p>&nbsp;<\/p>\n<div  class='avia-image-container  av-styling-    avia-builder-el-9  el_after_av_hr  avia-builder-el-last  avia-align-center '  itemprop=\"image\" itemscope=\"itemscope\" itemtype=\"https:\/\/schema.org\/ImageObject\"  ><div class='avia-image-container-inner'><div class='avia-image-overlay-wrap'><img decoding=\"async\" class='wp-image-0 avia-img-lazy-loading-not-0 avia_image' src=\"https:\/\/chalkboards.de\/wp-content\/uploads\/2020\/11\/CHALKBOARDS-KAVE-Anbieter-Image-72-dpi.jpg\" alt='' title=''   itemprop=\"thumbnailUrl\"  \/><\/div><\/div><\/div>\n","protected":false},"excerpt":{"rendered":"<p><span style=\"font-size: 0.9em;\">Lieferzeit personalisierte Poster: ca. 6 Werktage ab Zahlungseingang<\/span><\/p>\n[av_font_icon icon='ue808' font='entypo-fontello' style='' caption='' link='' linktarget='' size='20px' position='left' color='' admin_preview_bg=''][\/av_font_icon]\n<p>AMMERSEE \/ Retro Chalkboard | personalisiert &amp; in Wunschfarbe<\/p>\n","protected":false},"featured_media":6112,"comment_status":"open","ping_status":"closed","template":"","meta":{"_monsterinsights_skip_tracking":false,"_monsterinsights_sitenote_active":false,"_monsterinsights_sitenote_note":"","_monsterinsights_sitenote_category":0},"product_cat":[157],"product_tag":[160,158,54,159,161],"class_list":{"0":"post-5920","1":"product","2":"type-product","3":"status-publish","4":"has-post-thumbnail","6":"product_cat-ammersee","7":"product_tag-5seen-land","8":"product_tag-ammersee","9":"product_tag-chalkboard","10":"product_tag-fuenfseenland","11":"product_tag-heimatschenken","12":"product_shipping_class-paket-bis-5kg","13":"tm-has-options","15":"first","16":"instock","17":"featured","18":"taxable","19":"shipping-taxable","20":"purchasable","21":"product-type-variable"},"_links":{"self":[{"href":"https:\/\/chalkboards.de\/index.php\/wp-json\/wp\/v2\/product\/5920"}],"collection":[{"href":"https:\/\/chalkboards.de\/index.php\/wp-json\/wp\/v2\/product"}],"about":[{"href":"https:\/\/chalkboards.de\/index.php\/wp-json\/wp\/v2\/types\/product"}],"replies":[{"embeddable":true,"href":"https:\/\/chalkboards.de\/index.php\/wp-json\/wp\/v2\/comments?post=5920"}],"wp:featuredmedia":[{"embeddable":true,"href":"https:\/\/chalkboards.de\/index.php\/wp-json\/wp\/v2\/media\/6112"}],"wp:attachment":[{"href":"https:\/\/chalkboards.de\/index.php\/wp-json\/wp\/v2\/media?parent=5920"}],"wp:term":[{"taxonomy":"product_cat","embeddable":true,"href":"https:\/\/chalkboards.de\/index.php\/wp-json\/wp\/v2\/product_cat?post=5920"},{"taxonomy":"product_tag","embeddable":true,"href":"https:\/\/chalkboards.de\/index.php\/wp-json\/wp\/v2\/product_tag?post=5920"}],"curies":[{"name":"wp","href":"https:\/\/api.w.org\/{rel}","templated":true}]}}

<div  style='padding-bottom:10px; ' class='av-special-heading av-special-heading-h3    avia-builder-el-0  el_before_av_heading  avia-builder-el-first  '><h3 class='av-special-heading-tag '  itemprop="headline"  >DAS AMMERSEE PLAKAT IM RETRO CHALKBOARD DESIGN</h3><div class='special-heading-border'><div class='special-heading-inner-border' ></div></div></div>
<blockquote><p>Individuell und abwechslungsreich wie der Ammersee selbst. Personalisierbar, bunt, mit oder ohne Namen. Für alle die den Ammersee genau so sehr lieben wie wir!</p></blockquote>
<h3><img loading="lazy" decoding="async" class="aligncenter wp-image-5927 size-full" src="https://chalkboards.de/wp-content/uploads/2020/11/CHALKBOARDS-KAVE-Ammerplakat-Farbwahl.jpg" alt="Ammersee Farben CHALKBOARDS-KAVE " width="707" height="1000" srcset="https://chalkboards.de/wp-content/uploads/2020/11/CHALKBOARDS-KAVE-Ammerplakat-Farbwahl.jpg 707w, https://chalkboards.de/wp-content/uploads/2020/11/CHALKBOARDS-KAVE-Ammerplakat-Farbwahl-450x636.jpg 450w, https://chalkboards.de/wp-content/uploads/2020/11/CHALKBOARDS-KAVE-Ammerplakat-Farbwahl-212x300.jpg 212w, https://chalkboards.de/wp-content/uploads/2020/11/CHALKBOARDS-KAVE-Ammerplakat-Farbwahl-498x705.jpg 498w" sizes="(max-width: 707px) 100vw, 707px" /></h3>
<p>&nbsp;</p>
<h3></h3>
<blockquote><div  style='padding-bottom:10px; ' class='av-special-heading av-special-heading-h3    avia-builder-el-1  el_after_av_heading  el_before_av_heading  '><h3 class='av-special-heading-tag '  itemprop="headline"  >DEIN persönliches AMMERSEE PLAKAT gibt es in folgenden Variationen:</h3><div class='special-heading-border'><div class='special-heading-inner-border' ></div></div></div>
<p>(Klicke auf die Farbe, um die Farbvariante als PDF  herunterzuladen)</p>
<ul>
<li><a href="https://chalkboards.de/wp-content/uploads/2020/11/CHALKBOARDS-KAVE-Ammerseeplakat-Farbwahl-Ammerseeblue.pdf">Ammersee Blue</a> &#8211; ohne Aufpreis</li>
<li><a href="https://chalkboards.de/wp-content/uploads/2020/11/CHALKBOARDS-KAVE-Ammerseeplakat-Farbwahl-Pink.pdf">Pretty in Pink</a> (Aufpreis 5 Euro)</li>
<li><a href="https://chalkboards.de/wp-content/uploads/2020/11/CHALKBOARDS-KAVE-Ammerseeplakat-Farbwahl-Silverstar.pdf">Silverstar</a> (Aufpreis 5 Euro)</li>
<li><a href="https://chalkboards.de/wp-content/uploads/2020/11/CHALKBOARDS-KAVE-Ammerseeplakat-Farbwahl-FreshApple.pdf">Fresh Apple</a> (Aufpreis 5 Euro)</li>
<li><a href="https://chalkboards.de/wp-content/uploads/2020/11/CHALKBOARDS-KAVE-Ammerseeplakat-Farbwahl-Apricot.pdf">Apricot</a> (Aufpreis 5 Euro)</li>
<li><a href="https://chalkboards.de/wp-content/uploads/2020/11/CHALKBOARDS-KAVE-Ammerseeplakat-Farbwahl-OrangeBay.pdf">Orange Bay</a> (Aufpreis 5 Euro)</li>
<li><a href="https://chalkboards.de/wp-content/uploads/2020/11/CHALKBOARDS-KAVE-Ammerseeplakat-Farbwahl-DeepWater.pdf">Deep Water</a> (Aufpreis 5 Euro)</li>
<li><a href="https://chalkboards.de/wp-content/uploads/2020/11/CHALKBOARDS-KAVE-Ammerseeplakat-Farbwahl-SundownMood.pdf">Sundown Mood</a> (Aufpreis 5 Euro)</li>
<li>oder: <a href="https://chalkboards.de/wp-content/uploads/2020/11/CHALKBOARDS-KAVE-Ammerseeplakat-Farbwahl-Weiss.pdf">Deine Farbe nach Wahl</a> (Aufpreis 5 Euro)</li>
</ul>
<div  style='padding-bottom:10px; ' class='av-special-heading av-special-heading-h3    avia-builder-el-2  el_after_av_heading  el_before_av_heading  '><h3 class='av-special-heading-tag '  itemprop="headline"  >INFOS ZU PAPIER <span class='special_amp'>&amp;</span> RAHMEN</h3><div class='special-heading-border'><div class='special-heading-inner-border' ></div></div></div>
<p>A0 Formate werden auf 120g Affichenpapier gedruckt, alle anderen Formate als hochwertiger Qualitätsdruck matt (250g).</p>
<p>Der Bilderrahmen dient nur zu Präsentationszwecken und ist in der Lieferung nicht enthalten.</p>
<div  style='padding-bottom:10px; ' class='av-special-heading av-special-heading-h3 #9c8f6d   avia-builder-el-3  el_after_av_heading  el_before_av_heading  '><h3 class='av-special-heading-tag '  itemprop="headline"  >ÜBER DEN AMMERSEE</h3><div class='special-heading-border'><div class='special-heading-inner-border' ></div></div></div>
<p>Der Ammersee – &#8220;Die Badewanne Gottes&#8221; wie der See von dem Luftfahrt-Unternehmer Irén Dornier genannt wurde – versprüht einen ganz eigenen Zauber, dem man unwiederbringlich verfällt, sobald man einmal hier war. Hier zeigt die Natur jeden Tag auf&#8217;s Neue was in ihr steckt – jeder Sonnenuntergang ist ein Naturschauspiel ohnegleichen. Wenn der morgendliche Nebel, der schwer über dem See hängt, sich von Sonnenstrahlen durchdringt auflöst, herrscht eine zauberhafte Stimmung wie kaum woanders.</p>
<p>Wir haben Rad- und Motordampfer, Segelboote, Kite-Spots, die längste Seeuferpromenade Deutschlands, Künstler und Denker, tolle Märkte und einen berühmten Töpfermarkt, eine ausgezeichnete Gastronomie und so viele wunderschöne Plätze die man entdecken kann, dass hier Langeweile ein absolutes Fremdwort ist.</p>
<p>Das alles war der Grund dafür, diesem wunderbaren See ein Plakat im einzigartigen Chalkboards-Design zu widmen!</p>
<div  style='padding-bottom:10px; ' class='av-special-heading av-special-heading-h3    avia-builder-el-4  el_after_av_heading  el_before_av_hr  '><h3 class='av-special-heading-tag '  itemprop="headline"  >ÜBER DIE MACHER</h3><div class='special-heading-border'><div class='special-heading-inner-border' ></div></div></div>
<p>Das &#8220;Ammersee-Plakat&#8221; entstand 2017 erstmalig als Infografik. Für die Recherche und das Design hat sich Art Director Karsten van Engen zahllose Nächte um die Ohren geschlagen bis er das fertige Plakat letztendlich einer begeisterten Ammersee-Fangemeinde präsentiert konnte.</p>
<p>Die Neuauflage wurde auf Wunsch von Karsten durch Dagmar Reisenauer redesigned und hat damit einen Retro-Anstrich bekommen, der für Chalkboards.de so signifikant ist.</p>
<div  style='height:40px' class='hr hr-invisible  av-mini-hide  avia-builder-el-5  el_after_av_heading  el_before_av_font_icon '><span class='hr-inner ' ><span class='hr-inner-style'></span></span></div>
<p><span  class="av_font_icon avia_animate_when_visible avia-icon-animate  av-icon-style-  av-no-color avia-icon-pos-left " style=""><span class='av-icon-char' style='font-size:40px;line-height:40px;' aria-hidden='true' data-av_icon='' data-av_iconfont='entypo-fontello' ></span></span> Du warst noch nie am Ammersee? Dann schreibe ihn auf Deine Bucket List und komm uns besuchen!</p></blockquote>
<p>&nbsp;</p>
<div  class='av-social-sharing-box  avia-builder-el-7  el_after_av_font_icon  el_before_av_hr  '><div class='av-share-box'><h5 class='av-share-link-description av-no-toc '>Eintrag teilen </h5><ul class='av-share-box-list noLightbox'><li class='av-share-link av-social-link-facebook' ><a target="_blank" aria-label="Teilen auf Facebook" href='https://www.facebook.com/sharer.php?u=https://chalkboards.de/index.php/produkt/ammersee-plakat-im-retro-chalkboard-design/&#038;t=AMMERSEE%20Plakat%20im%20Retro%20Chalkboard%20Design%2C%20PERSONALISIERT%20%26%20IN%20WUNSCHFARBE' aria-hidden='false' data-av_icon='' data-av_iconfont='entypo-fontello' title='' data-avia-related-tooltip='Teilen auf Facebook' rel="noopener"><span class='avia_hidden_link_text'>Teilen auf Facebook</span></a></li><li class='av-share-link av-social-link-twitter' ><a target="_blank" aria-label="Teilen auf Twitter" href='https://twitter.com/share?text=AMMERSEE%20Plakat%20im%20Retro%20Chalkboard%20Design%2C%20PERSONALISIERT%20%26%20IN%20WUNSCHFARBE&#038;url=https://chalkboards.de/?p=5920' aria-hidden='false' data-av_icon='' data-av_iconfont='entypo-fontello' title='' data-avia-related-tooltip='Teilen auf Twitter' rel="noopener"><span class='avia_hidden_link_text'>Teilen auf Twitter</span></a></li><li class='av-share-link av-social-link-whatsapp' ><a target="_blank" aria-label="Teilen auf WhatsApp" href='https://api.whatsapp.com/send?text=https://chalkboards.de/index.php/produkt/ammersee-plakat-im-retro-chalkboard-design/' aria-hidden='false' data-av_icon='' data-av_iconfont='entypo-fontello' title='' data-avia-related-tooltip='Teilen auf WhatsApp' rel="noopener"><span class='avia_hidden_link_text'>Teilen auf WhatsApp</span></a></li><li class='av-share-link av-social-link-pinterest' ><a target="_blank" aria-label="Teilen auf Pinterest" href='https://pinterest.com/pin/create/button/?url=https%3A%2F%2Fchalkboards.de%2Findex.php%2Fprodukt%2Fammersee-plakat-im-retro-chalkboard-design%2F&#038;description=AMMERSEE%20Plakat%20im%20Retro%20Chalkboard%20Design%2C%20PERSONALISIERT%20%26%20IN%20WUNSCHFARBE&#038;media=https%3A%2F%2Fchalkboards.de%2Fwp-content%2Fuploads%2F2020%2F11%2FCHALKBOARDS-KAVE-Ammerseeplakat-Produkt-1000x1000-MP-705x705.jpg' aria-hidden='false' data-av_icon='' data-av_iconfont='entypo-fontello' title='' data-avia-related-tooltip='Teilen auf Pinterest' rel="noopener"><span class='avia_hidden_link_text'>Teilen auf Pinterest</span></a></li><li class='av-share-link av-social-link-mail' ><a  aria-label="Per E-Mail teilen" href='mailto:?subject=AMMERSEE%20Plakat%20im%20Retro%20Chalkboard%20Design%2C%20PERSONALISIERT%20%26%20IN%20WUNSCHFARBE&#038;body=https://chalkboards.de/index.php/produkt/ammersee-plakat-im-retro-chalkboard-design/' aria-hidden='false' data-av_icon='' data-av_iconfont='entypo-fontello' title='' data-avia-related-tooltip='Per E-Mail teilen'><span class='avia_hidden_link_text'>Per E-Mail teilen</span></a></li></ul></div></div>
<div  style=' margin-top:30px; margin-bottom:30px;'  class='hr hr-custom hr-center hr-icon-no   avia-builder-el-8  el_after_av_social_share  el_before_av_image '><span class='hr-inner  inner-border-av-border-thin' style=' width:50px; border-color:#6b6b6b;' ><span class='hr-inner-style'></span></span></div>
<p><span style="color: #9c8f6d; text-transform: uppercase; font-weight: bold;">Preisübersicht AMMERSEE-PLAKAT:</span></p>
<p><em>PERSONALISIERT:</em><br />
&#8211; A2 personalisiert: 29,50 € &#8211; 250g hochwertiger Qualitätsdruck matt<br />
&#8211; A1 personalisiert: 35,00 € &#8211; 250g hochwertiger Qualitätsdruck matt<br />
&#8211; A0 personalisiert: 42,50 € &#8211; 120g Affichenpapier</p>
<p>Preise inkl. ges. MwSt. / zzgl. Versandkosten</p>
<p>&nbsp;</p>
<div  class='avia-image-container  av-styling-    avia-builder-el-9  el_after_av_hr  avia-builder-el-last  avia-align-center '  itemprop="image" itemscope="itemscope" itemtype="https://schema.org/ImageObject"  ><div class='avia-image-container-inner'><div class='avia-image-overlay-wrap'><img decoding="async" class='wp-image-0 avia-img-lazy-loading-not-0 avia_image' src="https://chalkboards.de/wp-content/uploads/2020/11/CHALKBOARDS-KAVE-Anbieter-Image-72-dpi.jpg" alt='' title=''   itemprop="thumbnailUrl"  /></div></div></div>
